{"id":5015,"date":"2026-02-25T14:00:06","date_gmt":"2026-02-25T13:00:06","guid":{"rendered":"https:\/\/kits.subotai.fr\/restaurant\/?page_id=5015"},"modified":"2026-03-17T14:52:27","modified_gmt":"2026-03-17T14:52:27","slug":"conditions-generales-de-vente","status":"publish","type":"page","link":"https:\/\/sweetkitchenplus.subotai.fr\/?page_id=5015","title":{"rendered":"Conditions G\u00e9n\u00e9rales de vente"},"content":{"rendered":"\n<p><\/p>\n\n\n\n<p><strong>1. Prix et Paiement<\/strong><br>&#8211; Tous les prix affich\u00e9s incluent la TVA.<br>&#8211; Modes de paiement accept\u00e9s : CB (via Paypal) ou \u00e0 la livraison<br>&#8211; Les remboursements sont possibles uniquement pour les erreurs de commande ou les plats non conformes, dans un d\u00e9lai de 24 heures.<\/p>\n\n\n\n<p><strong>2. Commandes<br><\/strong>&#8211; Les commandes peuvent \u00eatre pass\u00e9es en ligne ou par t\u00e9l\u00e9phone au plus tard le mercredi pour le vendredi, le vendredi soir pour le lundi et 48 heures \u00e0 l\u2019avance pour le midi.<br>&#8211; Une confirmation de commande sera envoy\u00e9e par e-mail ou SMS.<br>&#8211; Les modifications de commande doivent \u00eatre effectu\u00e9es dans les 10 minutes suivant la commande.<\/p>\n\n\n\n<p><strong>3. Retrait des Commandes<br><\/strong>&#8211; Les commandes sont \u00e0 retirer selon les horaires indiqu\u00e9s pour chaque point de livraison<\/p>\n\n\n\n<p><strong>4. Qualit\u00e9 et S\u00e9curit\u00e9 Alimentaire<br><\/strong>&#8211; Tous nos plats respectent les normes de s\u00e9curit\u00e9 alimentaire.<br>&#8211; Les allerg\u00e8nes sont clairement indiqu\u00e9s sur chaque plat.\u00a0Veuillez nous informer de toute allergie alimentaire.<\/p>\n\n\n\n<p><strong>5. Responsabilit\u00e9<br><\/strong>&#8211; Nous ne sommes pas responsables des erreurs de commande apr\u00e8s le retrait.<br>&#8211; En cas de force majeure (conditions m\u00e9t\u00e9orologiques, pannes techniques), nous nous r\u00e9servons le droit de modifier ou d&rsquo;annuler les commandes.<\/p>\n\n\n\n<p><strong>6. Donn\u00e9es Personnelles<br><\/strong>&#8211; Les donn\u00e9es personnelles collect\u00e9es lors de la commande seront utilis\u00e9es uniquement pour la gestion des commandes et ne seront pas partag\u00e9es avec des tiers.<\/p>\n\n\n\n<p><strong>7. Modifications des Conditions<br><\/strong>&#8211; Nous nous r\u00e9servons le droit de modifier ces conditions. Les clients seront inform\u00e9s de tout changement via notre site web.<\/p>\n","protected":false},"excerpt":{"rendered":"<p>1. Prix et Paiement&#8211; Tous les prix affich\u00e9s incluent la TVA.&#8211; Modes de paiement accept\u00e9s : CB (via Paypal) ou [&hellip;]<\/p>\n","protected":false},"author":1,"featured_media":0,"parent":0,"menu_order":0,"comment_status":"closed","ping_status":"closed","template":"","meta":{"site-sidebar-layout":"default","site-content-layout":"","ast-site-content-layout":"default","site-content-style":"default","site-sidebar-style":"default","ast-global-header-display":"","ast-banner-title-visibility":"","ast-main-header-display":"","ast-hfb-above-header-display":"","ast-hfb-below-header-display":"","ast-hfb-mobile-header-display":"","site-post-title":"","ast-breadcrumbs-content":"","ast-featured-img":"","footer-sml-layout":"","ast-disable-related-posts":"","theme-transparent-header-meta":"","adv-header-id-meta":"","stick-header-meta":"","header-above-stick-meta":"","header-main-stick-meta":"","header-below-stick-meta":"","astra-migrate-meta-layouts":"default","ast-page-background-enabled":"default","ast-page-background-meta":{"desktop":{"background-color":"var(--ast-global-color-5)","background-image":"","background-repeat":"repeat","background-position":"center center","background-size":"auto","background-attachment":"scroll","background-type":"","background-media":"","overlay-type":"","overlay-color":"","overlay-opacity":"","overlay-gradient":""},"tablet":{"background-color":"","background-image":"","background-repeat":"repeat","background-position":"center center","background-size":"auto","background-attachment":"scroll","background-type":"","background-media":"","overlay-type":"","overlay-color":"","overlay-opacity":"","overlay-gradient":""},"mobile":{"background-color":"","background-image":"","background-repeat":"repeat","background-position":"center center","background-size":"auto","background-attachment":"scroll","background-type":"","background-media":"","overlay-type":"","overlay-color":"","overlay-opacity":"","overlay-gradient":""}},"ast-content-background-meta":{"desktop":{"background-color":"var(--ast-global-color-4)","background-image":"","background-repeat":"repeat","background-position":"center center","background-size":"auto","background-attachment":"scroll","background-type":"","background-media":"","overlay-type":"","overlay-color":"","overlay-opacity":"","overlay-gradient":""},"tablet":{"background-color":"var(--ast-global-color-4)","background-image":"","background-repeat":"repeat","background-position":"center center","background-size":"auto","background-attachment":"scroll","background-type":"","background-media":"","overlay-type":"","overlay-color":"","overlay-opacity":"","overlay-gradient":""},"mobile":{"background-color":"var(--ast-global-color-4)","background-image":"","background-repeat":"repeat","background-position":"center center","background-size":"auto","background-attachment":"scroll","background-type":"","background-media":"","overlay-type":"","overlay-color":"","overlay-opacity":"","overlay-gradient":""}},"footnotes":""},"class_list":["post-5015","page","type-page","status-publish","hentry"],"yoast_head":"<!-- This site is optimized with the Yoast SEO plugin v27.3 - https:\/\/yoast.com\/product\/yoast-seo-wordpress\/ -->\n<title>Conditions G\u00e9n\u00e9rales de vente - Sweet Kitchen Plus<\/title>\n<meta name=\"robots\" content=\"noindex, follow, max-snippet:-1, max-image-preview:large, max-video-preview:-1\" \/>\n<meta property=\"og:locale\" content=\"fr_FR\" \/>\n<meta property=\"og:type\" content=\"article\" \/>\n<meta property=\"og:title\" content=\"Conditions G\u00e9n\u00e9rales de vente - Sweet Kitchen Plus\" \/>\n<meta property=\"og:description\" content=\"1. Prix et Paiement&#8211; Tous les prix affich\u00e9s incluent la TVA.&#8211; Modes de paiement accept\u00e9s : CB (via Paypal) ou [&hellip;]\" \/>\n<meta property=\"og:url\" content=\"https:\/\/sweetkitchenplus.subotai.fr\/?page_id=5015\" \/>\n<meta property=\"og:site_name\" content=\"Sweet Kitchen Plus\" \/>\n<meta property=\"article:modified_time\" content=\"2026-03-17T14:52:27+00:00\" \/>\n<meta name=\"twitter:card\" content=\"summary_large_image\" \/>\n<meta name=\"twitter:label1\" content=\"Dur\u00e9e de lecture estim\u00e9e\" \/>\n\t<meta name=\"twitter:data1\" content=\"2 minutes\" \/>\n<script type=\"application\/ld+json\" class=\"yoast-schema-graph\">{\"@context\":\"https:\\\/\\\/schema.org\",\"@graph\":[{\"@type\":\"WebPage\",\"@id\":\"https:\\\/\\\/sweetkitchenplus.subotai.fr\\\/?page_id=5015\",\"url\":\"https:\\\/\\\/sweetkitchenplus.subotai.fr\\\/?page_id=5015\",\"name\":\"Conditions G\u00e9n\u00e9rales de vente - Sweet Kitchen Plus\",\"isPartOf\":{\"@id\":\"https:\\\/\\\/sweetkitchenplus.subotai.fr\\\/#website\"},\"datePublished\":\"2026-02-25T13:00:06+00:00\",\"dateModified\":\"2026-03-17T14:52:27+00:00\",\"breadcrumb\":{\"@id\":\"https:\\\/\\\/sweetkitchenplus.subotai.fr\\\/?page_id=5015#breadcrumb\"},\"inLanguage\":\"fr-FR\",\"potentialAction\":[{\"@type\":\"ReadAction\",\"target\":[\"https:\\\/\\\/sweetkitchenplus.subotai.fr\\\/?page_id=5015\"]}]},{\"@type\":\"BreadcrumbList\",\"@id\":\"https:\\\/\\\/sweetkitchenplus.subotai.fr\\\/?page_id=5015#breadcrumb\",\"itemListElement\":[{\"@type\":\"ListItem\",\"position\":1,\"name\":\"Accueil\",\"item\":\"https:\\\/\\\/sweetkitchenplus.subotai.fr\\\/\"},{\"@type\":\"ListItem\",\"position\":2,\"name\":\"Conditions G\u00e9n\u00e9rales de vente\"}]},{\"@type\":\"WebSite\",\"@id\":\"https:\\\/\\\/sweetkitchenplus.subotai.fr\\\/#website\",\"url\":\"https:\\\/\\\/sweetkitchenplus.subotai.fr\\\/\",\"name\":\"Sweet Kitchen Plus\",\"description\":\"Livraison de plats &amp; Service traiteur\",\"publisher\":{\"@id\":\"https:\\\/\\\/sweetkitchenplus.subotai.fr\\\/#organization\"},\"potentialAction\":[{\"@type\":\"SearchAction\",\"target\":{\"@type\":\"EntryPoint\",\"urlTemplate\":\"https:\\\/\\\/sweetkitchenplus.subotai.fr\\\/?s={search_term_string}\"},\"query-input\":{\"@type\":\"PropertyValueSpecification\",\"valueRequired\":true,\"valueName\":\"search_term_string\"}}],\"inLanguage\":\"fr-FR\"},{\"@type\":\"Organization\",\"@id\":\"https:\\\/\\\/sweetkitchenplus.subotai.fr\\\/#organization\",\"name\":\"Sweet Kitchen Plus\",\"url\":\"https:\\\/\\\/sweetkitchenplus.subotai.fr\\\/\",\"logo\":{\"@type\":\"ImageObject\",\"inLanguage\":\"fr-FR\",\"@id\":\"https:\\\/\\\/sweetkitchenplus.subotai.fr\\\/#\\\/schema\\\/logo\\\/image\\\/\",\"url\":\"https:\\\/\\\/sweetkitchenplus.subotai.fr\\\/wp-content\\\/uploads\\\/2026\\\/03\\\/SweetKitchenPlus-logoSmall-1.png\",\"contentUrl\":\"https:\\\/\\\/sweetkitchenplus.subotai.fr\\\/wp-content\\\/uploads\\\/2026\\\/03\\\/SweetKitchenPlus-logoSmall-1.png\",\"width\":504,\"height\":480,\"caption\":\"Sweet Kitchen Plus\"},\"image\":{\"@id\":\"https:\\\/\\\/sweetkitchenplus.subotai.fr\\\/#\\\/schema\\\/logo\\\/image\\\/\"}}]}<\/script>\n<!-- \/ Yoast SEO plugin. -->","yoast_head_json":{"title":"Conditions G\u00e9n\u00e9rales de vente - Sweet Kitchen Plus","robots":{"index":"noindex","follow":"follow","max-snippet":"max-snippet:-1","max-image-preview":"max-image-preview:large","max-video-preview":"max-video-preview:-1"},"og_locale":"fr_FR","og_type":"article","og_title":"Conditions G\u00e9n\u00e9rales de vente - Sweet Kitchen Plus","og_description":"1. Prix et Paiement&#8211; Tous les prix affich\u00e9s incluent la TVA.&#8211; Modes de paiement accept\u00e9s : CB (via Paypal) ou [&hellip;]","og_url":"https:\/\/sweetkitchenplus.subotai.fr\/?page_id=5015","og_site_name":"Sweet Kitchen Plus","article_modified_time":"2026-03-17T14:52:27+00:00","twitter_card":"summary_large_image","twitter_misc":{"Dur\u00e9e de lecture estim\u00e9e":"2 minutes"},"schema":{"@context":"https:\/\/schema.org","@graph":[{"@type":"WebPage","@id":"https:\/\/sweetkitchenplus.subotai.fr\/?page_id=5015","url":"https:\/\/sweetkitchenplus.subotai.fr\/?page_id=5015","name":"Conditions G\u00e9n\u00e9rales de vente - Sweet Kitchen Plus","isPartOf":{"@id":"https:\/\/sweetkitchenplus.subotai.fr\/#website"},"datePublished":"2026-02-25T13:00:06+00:00","dateModified":"2026-03-17T14:52:27+00:00","breadcrumb":{"@id":"https:\/\/sweetkitchenplus.subotai.fr\/?page_id=5015#breadcrumb"},"inLanguage":"fr-FR","potentialAction":[{"@type":"ReadAction","target":["https:\/\/sweetkitchenplus.subotai.fr\/?page_id=5015"]}]},{"@type":"BreadcrumbList","@id":"https:\/\/sweetkitchenplus.subotai.fr\/?page_id=5015#breadcrumb","itemListElement":[{"@type":"ListItem","position":1,"name":"Accueil","item":"https:\/\/sweetkitchenplus.subotai.fr\/"},{"@type":"ListItem","position":2,"name":"Conditions G\u00e9n\u00e9rales de vente"}]},{"@type":"WebSite","@id":"https:\/\/sweetkitchenplus.subotai.fr\/#website","url":"https:\/\/sweetkitchenplus.subotai.fr\/","name":"Sweet Kitchen Plus","description":"Livraison de plats &amp; Service traiteur","publisher":{"@id":"https:\/\/sweetkitchenplus.subotai.fr\/#organization"},"potentialAction":[{"@type":"SearchAction","target":{"@type":"EntryPoint","urlTemplate":"https:\/\/sweetkitchenplus.subotai.fr\/?s={search_term_string}"},"query-input":{"@type":"PropertyValueSpecification","valueRequired":true,"valueName":"search_term_string"}}],"inLanguage":"fr-FR"},{"@type":"Organization","@id":"https:\/\/sweetkitchenplus.subotai.fr\/#organization","name":"Sweet Kitchen Plus","url":"https:\/\/sweetkitchenplus.subotai.fr\/","logo":{"@type":"ImageObject","inLanguage":"fr-FR","@id":"https:\/\/sweetkitchenplus.subotai.fr\/#\/schema\/logo\/image\/","url":"https:\/\/sweetkitchenplus.subotai.fr\/wp-content\/uploads\/2026\/03\/SweetKitchenPlus-logoSmall-1.png","contentUrl":"https:\/\/sweetkitchenplus.subotai.fr\/wp-content\/uploads\/2026\/03\/SweetKitchenPlus-logoSmall-1.png","width":504,"height":480,"caption":"Sweet Kitchen Plus"},"image":{"@id":"https:\/\/sweetkitchenplus.subotai.fr\/#\/schema\/logo\/image\/"}}]}},"_links":{"self":[{"href":"https:\/\/sweetkitchenplus.subotai.fr\/index.php?rest_route=\/wp\/v2\/pages\/5015","targetHints":{"allow":["GET"]}}],"collection":[{"href":"https:\/\/sweetkitchenplus.subotai.fr\/index.php?rest_route=\/wp\/v2\/pages"}],"about":[{"href":"https:\/\/sweetkitchenplus.subotai.fr\/index.php?rest_route=\/wp\/v2\/types\/page"}],"author":[{"embeddable":true,"href":"https:\/\/sweetkitchenplus.subotai.fr\/index.php?rest_route=\/wp\/v2\/users\/1"}],"replies":[{"embeddable":true,"href":"https:\/\/sweetkitchenplus.subotai.fr\/index.php?rest_route=%2Fwp%2Fv2%2Fcomments&post=5015"}],"version-history":[{"count":1,"href":"https:\/\/sweetkitchenplus.subotai.fr\/index.php?rest_route=\/wp\/v2\/pages\/5015\/revisions"}],"predecessor-version":[{"id":5163,"href":"https:\/\/sweetkitchenplus.subotai.fr\/index.php?rest_route=\/wp\/v2\/pages\/5015\/revisions\/5163"}],"wp:attachment":[{"href":"https:\/\/sweetkitchenplus.subotai.fr\/index.php?rest_route=%2Fwp%2Fv2%2Fmedia&parent=5015"}],"curies":[{"name":"wp","href":"https:\/\/api.w.org\/{rel}","templated":true}]}}